{"id":23428,"date":"2023-12-12T08:39:56","date_gmt":"2023-12-12T07:39:56","guid":{"rendered":"https:\/\/nakonju.si\/?post_type=product&#038;p=23428"},"modified":"2025-04-11T09:11:50","modified_gmt":"2025-04-11T08:11:50","slug":"druzinsko-dozivetje-v-svetu-konj-2-urno-dozivetje-za-vse-clane-druzine","status":"publish","type":"product","link":"https:\/\/nakonju.si\/eng\/product\/druzinsko-dozivetje-v-svetu-konj-2-urno-dozivetje-za-vse-clane-druzine\/","title":{"rendered":"Family experience in the world of horses - a 2-hour experience for all members of the family"},"content":{"rendered":"<p>A family experience in the world of horses is an excellent choice for anyone who wants to spend quality time in nature and get to know the world of horses.<\/p>\n<p>We will walk through the pastures and listen to the life stories of our horses. We will carry out activities around and on the horse: together we will see the stables, the pastures, clean the horse, get to know his speech and go for a short walk in our park.<\/p>\n<p>A family experience in the world of horses allows you to spend quality time with your family.<\/p>\n<p>You don&#039;t need any prior equestrian knowledge to enjoy the experience.<\/p>","protected":false},"excerpt":{"rendered":"<p>Dru\u017einsko do\u017eivetje v svetu konj je odli\u010dna izbira za vse, ki si \u017eelite pre\u017eiveti kvaliteten \u010das v naravi ter spoznati svet konj. Sprehodili se bomo po pa\u0161nikih in prisluhnili \u017eivljenjskim&hellip;<\/p>","protected":false},"featured_media":23431,"template":"","meta":[],"product_brand":[],"product_cat":[206],"product_tag":[],"class_list":{"0":"post-23428","1":"product","2":"type-product","3":"status-publish","4":"has-post-thumbnail","6":"product_cat-darilni-boni","8":"first","9":"instock","10":"taxable","11":"shipping-taxable","12":"purchasable","13":"product-type-simple"},"_links":{"self":[{"href":"https:\/\/nakonju.si\/eng\/wp-json\/wp\/v2\/product\/23428","targetHints":{"allow":["GET"]}}],"collection":[{"href":"https:\/\/nakonju.si\/eng\/wp-json\/wp\/v2\/product"}],"about":[{"href":"https:\/\/nakonju.si\/eng\/wp-json\/wp\/v2\/types\/product"}],"version-history":[{"count":2,"href":"https:\/\/nakonju.si\/eng\/wp-json\/wp\/v2\/product\/23428\/revisions"}],"predecessor-version":[{"id":26164,"href":"https:\/\/nakonju.si\/eng\/wp-json\/wp\/v2\/product\/23428\/revisions\/26164"}],"wp:featuredmedia":[{"embeddable":true,"href":"https:\/\/nakonju.si\/eng\/wp-json\/wp\/v2\/media\/23431"}],"wp:attachment":[{"href":"https:\/\/nakonju.si\/eng\/wp-json\/wp\/v2\/media?parent=23428"}],"wp:term":[{"taxonomy":"product_brand","embeddable":true,"href":"https:\/\/nakonju.si\/eng\/wp-json\/wp\/v2\/product_brand?post=23428"},{"taxonomy":"product_cat","embeddable":true,"href":"https:\/\/nakonju.si\/eng\/wp-json\/wp\/v2\/product_cat?post=23428"},{"taxonomy":"product_tag","embeddable":true,"href":"https:\/\/nakonju.si\/eng\/wp-json\/wp\/v2\/product_tag?post=23428"}],"curies":[{"name":"wp","href":"https:\/\/api.w.org\/{rel}","templated":true}]}}